[INFO] cloning repository https://github.com/bingoohuang/csview
[INFO] running `Command { std: "git" "-c" "credential.helper=" "-c" "credential.helper=/workspace/cargo-home/bin/git-credential-null" "clone" "--bare" "https://github.com/bingoohuang/csview" "/workspace/cache/git-repos/https%3A%2F%2Fgithub.com%2Fbingoohuang%2Fcsview", kill_on_drop: false }`
[INFO] [stderr] Cloning into bare repository '/workspace/cache/git-repos/https%3A%2F%2Fgithub.com%2Fbingoohuang%2Fcsview'...
[INFO] running `Command { std: "git" "rev-parse" "HEAD", kill_on_drop: false }`
[INFO] [stdout] 811deb8c38acfe16ab4b47af265710a62846c3eb
[INFO] checking bingoohuang/csview against master#9610dfe5a9a731ced1ea4923ecbd0c57fe367898 for beta-170-4
[INFO] running `Command { std: "git" "clone" "/workspace/cache/git-repos/https%3A%2F%2Fgithub.com%2Fbingoohuang%2Fcsview" "/workspace/builds/worker-2-tc1/source", kill_on_drop: false }`
[INFO] [stderr] Cloning into '/workspace/builds/worker-2-tc1/source'...
[INFO] [stderr] done.
[INFO] validating manifest of git repo https://github.com/bingoohuang/csview on toolchain 9610dfe5a9a731ced1ea4923ecbd0c57fe367898
[INFO] running `Command { std: CARGO_HOME="/workspace/cargo-home" RUSTUP_HOME="/workspace/rustup-home" "/workspace/cargo-home/bin/cargo" "+9610dfe5a9a731ced1ea4923ecbd0c57fe367898" "metadata" "--manifest-path" "Cargo.toml" "--no-deps", kill_on_drop: false }`
[INFO] started tweaking git repo https://github.com/bingoohuang/csview
[INFO] finished tweaking git repo https://github.com/bingoohuang/csview
[INFO] tweaked toml for git repo https://github.com/bingoohuang/csview written to /workspace/builds/worker-2-tc1/source/Cargo.toml
[INFO] crate git repo https://github.com/bingoohuang/csview already has a lockfile, it will not be regenerated
[INFO] running `Command { std: CARGO_HOME="/workspace/cargo-home" RUSTUP_HOME="/workspace/rustup-home" "/workspace/cargo-home/bin/cargo" "+9610dfe5a9a731ced1ea4923ecbd0c57fe367898" "fetch" "--manifest-path" "Cargo.toml", kill_on_drop: false }`
[INFO] running `Command { std: "docker" "create" "-v" "/var/lib/crater-agent-workspace/builds/worker-2-tc1/target:/opt/rustwide/target:rw,Z" "-v" "/var/lib/crater-agent-workspace/builds/worker-2-tc1/source:/opt/rustwide/workdir:ro,Z" "-v" "/var/lib/crater-agent-workspace/cargo-home:/opt/rustwide/cargo-home:ro,Z" "-v" "/var/lib/crater-agent-workspace/rustup-home:/opt/rustwide/rustup-home:ro,Z" "-e" "SOURCE_DIR=/opt/rustwide/workdir" "-e" "CARGO_TARGET_DIR=/opt/rustwide/target" "-e" "CARGO_HOME=/opt/rustwide/cargo-home" "-e" "RUSTUP_HOME=/opt/rustwide/rustup-home" "-w" "/opt/rustwide/workdir" "-m" "1610612736" "--user" "0:0" "--network" "none" "ghcr.io/rust-lang/crates-build-env/linux@sha256:19e73879b68f455e41552ea35293514db52ea292d993f571636dbffedb77a1ee" "/opt/rustwide/cargo-home/bin/cargo" "+9610dfe5a9a731ced1ea4923ecbd0c57fe367898" "metadata" "--no-deps" "--format-version=1", kill_on_drop: false }`
[INFO] [stdout] 6d4836b7f64a2e4b00a51cbfb876daece08485d7b5a8aebb76fc7474ccb7c98a
[INFO] running `Command { std: "docker" "start" "-a" "6d4836b7f64a2e4b00a51cbfb876daece08485d7b5a8aebb76fc7474ccb7c98a", kill_on_drop: false }`
[INFO] running `Command { std: "docker" "inspect" "6d4836b7f64a2e4b00a51cbfb876daece08485d7b5a8aebb76fc7474ccb7c98a", kill_on_drop: false }`
[INFO] running `Command { std: "docker" "rm" "-f" "6d4836b7f64a2e4b00a51cbfb876daece08485d7b5a8aebb76fc7474ccb7c98a", kill_on_drop: false }`
[INFO] [stdout] 6d4836b7f64a2e4b00a51cbfb876daece08485d7b5a8aebb76fc7474ccb7c98a
[INFO] running `Command { std: "docker" "create" "-v" "/var/lib/crater-agent-workspace/builds/worker-2-tc1/target:/opt/rustwide/target:rw,Z" "-v" "/var/lib/crater-agent-workspace/builds/worker-2-tc1/source:/opt/rustwide/workdir:ro,Z" "-v" "/var/lib/crater-agent-workspace/cargo-home:/opt/rustwide/cargo-home:ro,Z" "-v" "/var/lib/crater-agent-workspace/rustup-home:/opt/rustwide/rustup-home:ro,Z" "-e" "SOURCE_DIR=/opt/rustwide/workdir" "-e" "CARGO_TARGET_DIR=/opt/rustwide/target" "-e" "CARGO_INCREMENTAL=0" "-e" "RUST_BACKTRACE=full" "-e" "RUSTFLAGS=--cap-lints=forbid" "-e" "RUSTDOCFLAGS=--cap-lints=forbid" "-e" "CARGO_HOME=/opt/rustwide/cargo-home" "-e" "RUSTUP_HOME=/opt/rustwide/rustup-home" "-w" "/opt/rustwide/workdir" "-m" "1610612736" "--user" "0:0" "--network" "none" "ghcr.io/rust-lang/crates-build-env/linux@sha256:19e73879b68f455e41552ea35293514db52ea292d993f571636dbffedb77a1ee" "/opt/rustwide/cargo-home/bin/cargo" "+9610dfe5a9a731ced1ea4923ecbd0c57fe367898" "check" "--frozen" "--all" "--all-targets" "--message-format=json", kill_on_drop: false }`
[INFO] [stdout] 2f6dd612ce7ac486c68e7c6a72b5e6f02bc93d7ae5f3391f52b6ec4a1a5289c7
[INFO] running `Command { std: "docker" "start" "-a" "2f6dd612ce7ac486c68e7c6a72b5e6f02bc93d7ae5f3391f52b6ec4a1a5289c7", kill_on_drop: false }`
[INFO] [stderr]    Compiling proc-macro2 v1.0.43
[INFO] [stderr]    Compiling unicode-ident v1.0.3
[INFO] [stderr]    Compiling quote v1.0.21
[INFO] [stderr]    Compiling libc v0.2.131
[INFO] [stderr]    Compiling io-lifetimes v0.7.3
[INFO] [stderr]    Compiling syn v1.0.99
[INFO] [stderr]    Compiling rustix v0.35.9
[INFO] [stderr]    Compiling proc-macro-error-attr v1.0.4
[INFO] [stderr]    Compiling heck v0.4.0
[INFO] [stderr]    Compiling proc-macro-error v1.0.4
[INFO] [stderr]    Compiling os_str_bytes v6.3.0
[INFO] [stderr]    Compiling rustversion v1.0.9
[INFO] [stderr]    Compiling indexmap v1.9.1
[INFO] [stderr]    Compiling hashbrown v0.12.3
[INFO] [stderr]    Compiling linux-raw-sys v0.0.46
[INFO] [stderr]    Compiling memchr v2.5.0
[INFO] [stderr]    Compiling clap_lex v0.2.4
[INFO] [stderr]    Compiling textwrap v0.15.1
[INFO] [stderr]    Compiling serde v1.0.143
[INFO] [stderr]    Compiling clap v3.2.22
[INFO] [stderr]    Compiling atty v0.2.14
[INFO] [stderr]    Compiling clap_lex v0.3.0
[INFO] [stderr]    Compiling once_cell v1.13.0
[INFO] [stderr]    Compiling termcolor v1.1.3
[INFO] [stderr]    Compiling strsim v0.10.0
[INFO] [stderr]    Compiling anyhow v1.0.65
[INFO] [stderr]     Checking regex-automata v0.1.10
[INFO] [stderr]     Checking csv-core v0.1.10
[INFO] [stderr]     Checking either v1.7.0
[INFO] [stderr]     Checking ryu v1.0.11
[INFO] [stderr]     Checking unicode-width v0.1.10
[INFO] [stderr]     Checking itertools v0.10.5
[INFO] [stderr]     Checking unicode-truncate v0.2.0
[INFO] [stderr]     Checking exitcode v1.1.2
[INFO] [stderr]    Compiling terminal_size v0.2.1
[INFO] [stderr]    Compiling clap_complete v3.2.5
[INFO] [stderr]     Checking bstr v0.2.17
[INFO] [stderr]    Compiling strum_macros v0.24.3
[INFO] [stderr]    Compiling clap_derive v4.0.10
[INFO] [stderr]     Checking csv v1.1.6
[INFO] [stderr]    Compiling strum v0.24.1
[INFO] [stderr]    Compiling clap v4.0.11
[INFO] [stderr]    Compiling csview v1.1.0 (/opt/rustwide/workdir)
[INFO] [stdout] error[E0432]: unresolved imports `clap::ArgEnum`, `clap::IntoApp`
[INFO] [stdout]  --> build.rs:1:12
[INFO] [stdout]   |
[INFO] [stdout] 1 | use clap::{ArgEnum, IntoApp};
[INFO] [stdout]   |            ^^^^^^^  ^^^^^^^ no `IntoApp` in the root
[INFO] [stdout]   |            |
[INFO] [stdout]   |            no `ArgEnum` in the root
[INFO] [stdout] 
[INFO] [stdout] 
[INFO] [stdout] error[E0432]: unresolved import `clap::AppSettings`
[INFO] [stdout]  --> src/cli.rs:3:12
[INFO] [stdout]   |
[INFO] [stdout] 3 | use clap::{AppSettings, Parser, ValueHint};
[INFO] [stdout]   |            ^^^^^^^^^^^ no `AppSettings` in the root
[INFO] [stdout] 
[INFO] [stdout] 
[INFO] [stdout] error[E0277]: the trait bound `TableStyle: Clone` is not satisfied
[INFO] [stdout]    --> src/cli.rs:34:16
[INFO] [stdout]     |
[INFO] [stdout] 34  |     pub style: TableStyle,
[INFO] [stdout]     |                ^^^^^^^^^^ the trait `Clone` is not implemented for `TableStyle`
[INFO] [stdout]     |
[INFO] [stdout] note: required by a bound in `ArgMatches::remove_one`
[INFO] [stdout]    --> /opt/rustwide/cargo-home/registry/src/index.crates.io-6f17d22bba15001f/clap-4.0.11/src/parser/matches/arg_matches.rs:299:32
[INFO] [stdout]     |
[INFO] [stdout] 299 |     pub fn remove_one<T: Any + Clone + Send + Sync + 'static>(&mut self, id: &str) -> Option<T> {
[INFO] [stdout]     |                                ^^^^^ required by this bound in `ArgMatches::remove_one`
[INFO] [stdout] help: consider annotating `TableStyle` with `#[derive(Clone)]`
[INFO] [stdout]     |
[INFO] [stdout] 51  + #[derive(Clone)]
[INFO] [stdout] 52  | pub enum TableStyle {
[INFO] [stdout]     |
[INFO] [stdout] 
[INFO] [stdout] 
[INFO] [stdout] error[E0599]: the method `value_parser` exists for reference `&&&&&&_AutoValueParser<TableStyle>`, but its trait bounds were not satisfied
[INFO] [stdout]     --> src/cli.rs:32:5
[INFO] [stdout]      |
[INFO] [stdout] 32   | /     /// Specify the border style.
[INFO] [stdout] 33   | |     #[clap(short, long, default_value_t = TableStyle::Sharp, possible_values = TableStyle::VARIANTS, ignore_case = true)]
[INFO] [stdout] 34   | |     pub style: TableStyle,
[INFO] [stdout]      | |_________________________^ method cannot be called on `&&&&&&_AutoValueParser<TableStyle>` due to unsatisfied trait bounds
[INFO] [stdout] ...
[INFO] [stdout] 51   |   pub enum TableStyle {
[INFO] [stdout]      |   -------------------
[INFO] [stdout]      |   |
[INFO] [stdout]      |   doesn't satisfy `TableStyle: Clone`
[INFO] [stdout]      |   doesn't satisfy `TableStyle: From<&'s std::ffi::OsStr>`
[INFO] [stdout]      |   doesn't satisfy `TableStyle: From<&'s str>`
[INFO] [stdout]      |   doesn't satisfy `TableStyle: From<OsString>`
[INFO] [stdout]      |   doesn't satisfy `TableStyle: From<std::string::String>`
[INFO] [stdout]      |   doesn't satisfy `TableStyle: ValueEnum`
[INFO] [stdout]      |   doesn't satisfy `TableStyle: ValueParserFactory`
[INFO] [stdout]      |
[INFO] [stdout]     ::: /opt/rustwide/cargo-home/registry/src/index.crates.io-6f17d22bba15001f/clap-4.0.11/src/builder/value_parser.rs:2017:1
[INFO] [stdout]      |
[INFO] [stdout] 2017 |   pub struct _AutoValueParser<T>(std::marker::PhantomData<T>);
[INFO] [stdout]      |   ------------------------------ doesn't satisfy `_: _ValueParserViaParse`
[INFO] [stdout]      |
[INFO] [stdout]      = note: the following trait bounds were not satisfied:
[INFO] [stdout]              `TableStyle: ValueEnum`
[INFO] [stdout]              which is required by `&&&&&_AutoValueParser<TableStyle>: clap::builder::via_prelude::_ValueParserViaValueEnum`
[INFO] [stdout]              `TableStyle: Clone`
[INFO] [stdout]              which is required by `&&&&&_AutoValueParser<TableStyle>: clap::builder::via_prelude::_ValueParserViaValueEnum`
[INFO] [stdout]              `TableStyle: ValueParserFactory`
[INFO] [stdout]              which is required by `&&&&&&_AutoValueParser<TableStyle>: clap::builder::via_prelude::_ValueParserViaFactory`
[INFO] [stdout]              `TableStyle: From<OsString>`
[INFO] [stdout]              which is required by `&&&&_AutoValueParser<TableStyle>: clap::builder::via_prelude::_ValueParserViaFromOsString`
[INFO] [stdout]              `TableStyle: Clone`
[INFO] [stdout]              which is required by `&&&&_AutoValueParser<TableStyle>: clap::builder::via_prelude::_ValueParserViaFromOsString`
[INFO] [stdout]              `TableStyle: From<&'s std::ffi::OsStr>`
[INFO] [stdout]              which is required by `&&&_AutoValueParser<TableStyle>: clap::builder::via_prelude::_ValueParserViaFromOsStr`
[INFO] [stdout]              `TableStyle: Clone`
[INFO] [stdout]              which is required by `&&&_AutoValueParser<TableStyle>: clap::builder::via_prelude::_ValueParserViaFromOsStr`
[INFO] [stdout]              `TableStyle: From<std::string::String>`
[INFO] [stdout]              which is required by `&&_AutoValueParser<TableStyle>: clap::builder::via_prelude::_ValueParserViaFromString`
[INFO] [stdout]              `TableStyle: Clone`
[INFO] [stdout]              which is required by `&&_AutoValueParser<TableStyle>: clap::builder::via_prelude::_ValueParserViaFromString`
[INFO] [stdout]              `TableStyle: From<&'s str>`
[INFO] [stdout]              which is required by `&_AutoValueParser<TableStyle>: clap::builder::via_prelude::_ValueParserViaFromStr`
[INFO] [stdout]              `TableStyle: Clone`
[INFO] [stdout]              which is required by `&_AutoValueParser<TableStyle>: clap::builder::via_prelude::_ValueParserViaFromStr`
[INFO] [stdout]              `TableStyle: Clone`
[INFO] [stdout]              which is required by `_AutoValueParser<TableStyle>: clap::builder::via_prelude::_ValueParserViaParse`
[INFO] [stdout] note: the traits `ValueEnum`, `ValueParserFactory`,  and `From` must be implemented
[INFO] [stdout]     --> /opt/rustwide/cargo-home/registry/src/index.crates.io-6f17d22bba15001f/clap-4.0.11/src/builder/value_parser.rs:1920:1
[INFO] [stdout]      |
[INFO] [stdout] 1920 | pub trait ValueParserFactory {
[INFO] [stdout]      | ^^^^^^^^^^^^^^^^^^^^^^^^^^^^
[INFO] [stdout]      |
[INFO] [stdout]     ::: /opt/rustwide/cargo-home/registry/src/index.crates.io-6f17d22bba15001f/clap-4.0.11/src/derive.rs:374:1
[INFO] [stdout]      |
[INFO] [stdout] 374  | pub trait ValueEnum: Sized + Clone {
[INFO] [stdout]      | ^^^^^^^^^^^^^^^^^^^^^^^^^^^^^^^^^^
[INFO] [stdout]     --> /rustc/9610dfe5a9a731ced1ea4923ecbd0c57fe367898/library/core/src/convert/mod.rs:539:1
[INFO] [stdout]      = note: this error originates in the macro `clap::value_parser` (in Nightly builds, run with -Z macro-backtrace for more info)
[INFO] [stdout] help: consider annotating `TableStyle` with `#[derive(Clone)]`
[INFO] [stdout]      |
[INFO] [stdout] 51   + #[derive(Clone)]
[INFO] [stdout] 52   | pub enum TableStyle {
[INFO] [stdout]      |
[INFO] [stdout] 
[INFO] [stdout] 
[INFO] [stdout] error[E0599]: no method named `possible_values` found for struct `Arg` in the current scope
[INFO] [stdout]   --> src/cli.rs:33:62
[INFO] [stdout]    |
[INFO] [stdout] 33 |     #[clap(short, long, default_value_t = TableStyle::Sharp, possible_values = TableStyle::VARIANTS, ignore_case = true)]
[INFO] [stdout]    |                                                              ^^^^^^^^^^^^^^^ help: there is a method with a similar name: `get_possible_values`
[INFO] [stdout] 
[INFO] [stdout] 
[INFO] [stdout] error[E0624]: method `global_setting` is private
[INFO] [stdout]     --> src/cli.rs:8:8
[INFO] [stdout]      |
[INFO] [stdout] 8    | #[clap(global_setting(AppSettings::DeriveDisplayOrder))]
[INFO] [stdout]      |        ^^^^^^^^^^^^^^ private method
[INFO] [stdout]      |
[INFO] [stdout]     ::: /opt/rustwide/cargo-home/registry/src/index.crates.io-6f17d22bba15001f/clap-4.0.11/src/builder/command.rs:1824:5
[INFO] [stdout]      |
[INFO] [stdout] 1824 |     pub(crate) fn global_setting(mut self, setting: AppSettings) -> Self {
[INFO] [stdout]      |     -------------------------------------------------------------------- private method defined here
[INFO] [stdout] 
[INFO] [stdout] 
[INFO] [stdout] error[E0599]: the method `value_parser` exists for reference `&&&&&&_AutoValueParser<TableStyle>`, but its trait bounds were not satisfied
[INFO] [stdout]     --> src/cli.rs:32:5
[INFO] [stdout]      |
[INFO] [stdout] 32   | /     /// Specify the border style.
[INFO] [stdout] 33   | |     #[clap(short, long, default_value_t = TableStyle::Sharp, possible_values = TableStyle::VARIANTS, ignore_case = true)]
[INFO] [stdout] 34   | |     pub style: TableStyle,
[INFO] [stdout]      | |_________________________^ method cannot be called on `&&&&&&_AutoValueParser<TableStyle>` due to unsatisfied trait bounds
[INFO] [stdout] ...
[INFO] [stdout] 51   |   pub enum TableStyle {
[INFO] [stdout]      |   -------------------
[INFO] [stdout]      |   |
[INFO] [stdout]      |   doesn't satisfy `TableStyle: Clone`
[INFO] [stdout]      |   doesn't satisfy `TableStyle: From<&'s std::ffi::OsStr>`
[INFO] [stdout]      |   doesn't satisfy `TableStyle: From<&'s str>`
[INFO] [stdout]      |   doesn't satisfy `TableStyle: From<OsString>`
[INFO] [stdout]      |   doesn't satisfy `TableStyle: From<std::string::String>`
[INFO] [stdout]      |   doesn't satisfy `TableStyle: ValueEnum`
[INFO] [stdout]      |   doesn't satisfy `TableStyle: ValueParserFactory`
[INFO] [stdout]      |
[INFO] [stdout]     ::: /opt/rustwide/cargo-home/registry/src/index.crates.io-6f17d22bba15001f/clap-4.0.11/src/builder/value_parser.rs:2017:1
[INFO] [stdout]      |
[INFO] [stdout] 2017 |   pub struct _AutoValueParser<T>(std::marker::PhantomData<T>);
[INFO] [stdout]      |   ------------------------------ doesn't satisfy `_: _ValueParserViaParse`
[INFO] [stdout]      |
[INFO] [stdout]      = note: the following trait bounds were not satisfied:
[INFO] [stdout]              `TableStyle: ValueEnum`
[INFO] [stdout]              which is required by `&&&&&_AutoValueParser<TableStyle>: clap::builder::via_prelude::_ValueParserViaValueEnum`
[INFO] [stdout]              `TableStyle: Clone`
[INFO] [stdout]              which is required by `&&&&&_AutoValueParser<TableStyle>: clap::builder::via_prelude::_ValueParserViaValueEnum`
[INFO] [stdout]              `TableStyle: ValueParserFactory`
[INFO] [stdout]              which is required by `&&&&&&_AutoValueParser<TableStyle>: clap::builder::via_prelude::_ValueParserViaFactory`
[INFO] [stdout]              `TableStyle: From<OsString>`
[INFO] [stdout]              which is required by `&&&&_AutoValueParser<TableStyle>: clap::builder::via_prelude::_ValueParserViaFromOsString`
[INFO] [stdout]              `TableStyle: Clone`
[INFO] [stdout]              which is required by `&&&&_AutoValueParser<TableStyle>: clap::builder::via_prelude::_ValueParserViaFromOsString`
[INFO] [stdout]              `TableStyle: From<&'s std::ffi::OsStr>`
[INFO] [stdout]              which is required by `&&&_AutoValueParser<TableStyle>: clap::builder::via_prelude::_ValueParserViaFromOsStr`
[INFO] [stdout]              `TableStyle: Clone`
[INFO] [stdout]              which is required by `&&&_AutoValueParser<TableStyle>: clap::builder::via_prelude::_ValueParserViaFromOsStr`
[INFO] [stdout]              `TableStyle: From<std::string::String>`
[INFO] [stdout]              which is required by `&&_AutoValueParser<TableStyle>: clap::builder::via_prelude::_ValueParserViaFromString`
[INFO] [stdout]              `TableStyle: Clone`
[INFO] [stdout]              which is required by `&&_AutoValueParser<TableStyle>: clap::builder::via_prelude::_ValueParserViaFromString`
[INFO] [stdout]              `TableStyle: From<&'s str>`
[INFO] [stdout]              which is required by `&_AutoValueParser<TableStyle>: clap::builder::via_prelude::_ValueParserViaFromStr`
[INFO] [stdout]              `TableStyle: Clone`
[INFO] [stdout]              which is required by `&_AutoValueParser<TableStyle>: clap::builder::via_prelude::_ValueParserViaFromStr`
[INFO] [stdout]              `TableStyle: Clone`
[INFO] [stdout]              which is required by `_AutoValueParser<TableStyle>: clap::builder::via_prelude::_ValueParserViaParse`
[INFO] [stdout] note: the traits `ValueEnum`, `ValueParserFactory`,  and `From` must be implemented
[INFO] [stdout]     --> /opt/rustwide/cargo-home/registry/src/index.crates.io-6f17d22bba15001f/clap-4.0.11/src/builder/value_parser.rs:1920:1
[INFO] [stdout]      |
[INFO] [stdout] 1920 | pub trait ValueParserFactory {
[INFO] [stdout]      | ^^^^^^^^^^^^^^^^^^^^^^^^^^^^
[INFO] [stdout]      |
[INFO] [stdout]     ::: /opt/rustwide/cargo-home/registry/src/index.crates.io-6f17d22bba15001f/clap-4.0.11/src/derive.rs:374:1
[INFO] [stdout]      |
[INFO] [stdout] 374  | pub trait ValueEnum: Sized + Clone {
[INFO] [stdout]      | ^^^^^^^^^^^^^^^^^^^^^^^^^^^^^^^^^^
[INFO] [stdout]     --> /rustc/9610dfe5a9a731ced1ea4923ecbd0c57fe367898/library/core/src/convert/mod.rs:539:1
[INFO] [stdout]      = note: this error originates in the macro `clap::value_parser` (in Nightly builds, run with -Z macro-backtrace for more info)
[INFO] [stdout] help: consider annotating `TableStyle` with `#[derive(Clone)]`
[INFO] [stdout]      |
[INFO] [stdout] 51   + #[derive(Clone)]
[INFO] [stdout] 52   | pub enum TableStyle {
[INFO] [stdout]      |
[INFO] [stdout] 
[INFO] [stdout] 
[INFO] [stdout] error[E0599]: no function or associated item named `command` found for struct `App` in the current scope
[INFO] [stdout]   --> build.rs:12:25
[INFO] [stdout]    |
[INFO] [stdout] 12 |     let app = &mut App::command();
[INFO] [stdout]    |                         ^^^^^^^ function or associated item not found in `App`
[INFO] [stdout]    |
[INFO] [stdout]   ::: src/cli.rs:11:1
[INFO] [stdout]    |
[INFO] [stdout] 11 | pub struct App {
[INFO] [stdout]    | -------------- function or associated item `command` not found for this struct
[INFO] [stdout]    |
[INFO] [stdout]    = help: items from traits can only be used if the trait is in scope
[INFO] [stdout] help: the following trait is implemented but not in scope; perhaps add a `use` for it:
[INFO] [stdout]    |
[INFO] [stdout] 1  + use clap::CommandFactory;
[INFO] [stdout]    |
[INFO] [stdout] 
[INFO] [stdout] 
[INFO] [stdout] error[E0599]: no variant or associated item named `value_variants` found for enum `Shell` in the current scope
[INFO] [stdout]   --> build.rs:14:25
[INFO] [stdout]    |
[INFO] [stdout] 14 |     for shell in Shell::value_variants() {
[INFO] [stdout]    |                         ^^^^^^^^^^^^^^ variant or associated item not found in `Shell`
[INFO] [stdout]    |
[INFO] [stdout]    = help: items from traits can only be used if the trait is in scope
[INFO] [stdout] help: the following trait is implemented but not in scope; perhaps add a `use` for it:
[INFO] [stdout]    |
[INFO] [stdout] 1  + use clap::derive::ValueEnum;
[INFO] [stdout]    |
[INFO] [stdout] 
[INFO] [stdout] 
[INFO] [stdout] error: aborting due to 9 previous errors
[INFO] [stdout] 
[INFO] [stdout] 
[INFO] [stdout] Some errors have detailed explanations: E0277, E0432, E0599, E0624.
[INFO] [stdout] 
[INFO] [stdout] For more information about an error, try `rustc --explain E0277`.
[INFO] [stdout] 
[INFO] [stderr] error: could not compile `csview` (build script) due to 10 previous errors
[INFO] running `Command { std: "docker" "inspect" "2f6dd612ce7ac486c68e7c6a72b5e6f02bc93d7ae5f3391f52b6ec4a1a5289c7", kill_on_drop: false }`
[INFO] running `Command { std: "docker" "rm" "-f" "2f6dd612ce7ac486c68e7c6a72b5e6f02bc93d7ae5f3391f52b6ec4a1a5289c7", kill_on_drop: false }`
[INFO] [stdout] 2f6dd612ce7ac486c68e7c6a72b5e6f02bc93d7ae5f3391f52b6ec4a1a5289c7
